ase 9, what is 4 - -5603?
5607
In base 13, what is -440 - -456?
16
In base 6, what is 45 + 55353?
55442
In base 8, what is -4 + 355663?
355657
In base 3, what is -102211000002 - -2?
-102211000000
In base 4, what is -21 - 3120321?
-3121002
In base 11, what is -2440 - 402?
-2842
In base 15, what is 27aba + -a?
27ab0
In base 8, what is 16463 + -5?
16456
In base 10, what is -156 - -405?
249
In base 14, what is -79 - -253?
1b8
In base 15, what is 28a - -a31?
cbb
In base 6, what is -343312 - 5?
-343321
In base 3, what is -210021220 - -2?
-210021211
In base 4, what is 2 + 23310101?
23310103
In base 3, what is -11 + -112210?
-112221
In base 16, what is -de0 + -1?
-de1
In base 7, what is 3 + 2622123?
2622126
In base 9, what is -26 + -154?
-181
In base 5, what is 401311 + -1?
401310
In base 3, what is 12 + -11210200211?
-11210200122
In base 8, what is 3302 + -2031?
1251
In base 15, what is 3e97 + -4?
3e93
In base 3, what is 110011200122 + -11?
110011200111
In base 16, what is 9 - 4db4?
-4dab
In base 14, what is 177 - -238?
3b1
In base 9, what is -3 - 1115?
-1118
In base 4, what is 33013322 - -3?
33013331
In base 15, what is -48 - -5eb?
5a3
In base 9, what is -233 - 31?
-264
In base 2, what is 1000001100001100 - -1000?
1000001100010100
In base 7, what is -31 - -1243134?
1243103
In base 2, what is 10 - 1001011110011000?
-1001011110010110
In base 10, what is 25 + 616?
641
In base 5, what is 14 - -144223?
144242
In base 9, what is 4 - 588403?
-588388
In base 9, what is -21357 + -4?
-21362
In base 9, what is 108408 - -6?
108415
In base 14, what is 5000ba - 2?
5000b8
In base 6, what is 25 - 554?
-525
In base 15, what is -2 - -c195?
c193
In base 15, what is -28e9b - 1?
-28e9c
In base 14, what is 4b2 - -c0?
592
In base 15, what is 4 + -16d8d?
-16d89
In base 12, what is -a3 + -6b9?
-7a0
In base 3, what is 2210022 + 122001?
10102100
In base 6, what is 22131 + -420?
21311
In base 5, what is -22120410 + 0?
-22120410
In base 5, what is -4 - 141413140?
-141413144
In base 3, what is -2201221 + 202002?
-1222212
In base 14, what is -3 + -10970?
-10973
In base 15, what is -aa - -136a?
12b0
In base 8, what is -4 - -440714?
440710
In base 13, what is 2a + -c0ca?
-c0a0
In base 14, what is 100 + a5c?
b5c
In base 13, what is -58b - -92c?
371
In base 8, what is 5 - -112224?
112231
In base 11, what is -96337 - 4?
-96340
In base 13, what is 21b81 + -1?
21b80
In base 6, what is 22 + 155044?
155110
In base 9, what is 64436 - 1?
64435
In base 14, what is -23 - 54a9?
-54cc
In base 11, what is 400 + 82?
482
In base 6, what is -5 + -1153435?
-1153444
In base 8, what is 3514 - 12?
3502
In base 6, what is 23 - -3320?
3343
In base 5, what is -21 + -130132141?
-130132212
In base 7, what is -101 + -13632?
-14033
In base 8, what is 3436405 - -3?
3436410
In base 14, what is -1d260 + -2?
-1d262
In base 3, what is -11020 - -1100121?
1012101
In base 5, what is -21041432 + -4?
-21041441
In base 10, what is 199045 - -2?
199047
In base 11, what is 5 + 289a8?
28a02
In base 8, what is -1470 - -62?
-1406
In base 2, what is 1000001110011111011 - -1000?
1000001110100000011
In base 9, what is 4 + 46400?
46404
In base 16, what is -8aafe + 0?
-8aafe
In base 16, what is -1c9 - -12?
-1b7
In base 16, what is -14 - 12f?
-143
In base 10, what is -5 + 10148?
10143
In base 15, what is c1c - 28?
be4
In base 13, what is -a3 + 204?
131
In base 5, what is 201 + 1413332?
1414033
In base 11, what is 266a8 - -4?
26701
In base 14, what is -2905 - 4?
-2909
In base 4, what is -2 - -3233310?
3233302
In base 16, what is -b + 6f9?
6ee
In base 2, what is -1001110111110111100010 - -100?
-1001110111110111011110
In base 2, what is 11 - -1010011010?
1010011101
In base 14, what is dc94 + 2?
dc96
In base 15, what is ab + 161?
21c
In base 5, what is 104230 - -30?
104310
In base 16, what is -10 - -2450?
2440
In base 5, what is -2133243 - -12?
-2133231
In base 5, what is -23011010 - -1?
-23011004
In base 3, what is -22 + -111020022?
-111020121
In base 3, what is 20022210 + -1011221?
12010212
In base 9, what is -5 - 10870?
-10875
In base 12, what is 15b8 - 3ab?
1209
In base 14, what is -726 + -84?
-7aa
In base 2, what is 11111 - -101010010100?
101010110011
In base 3, what is -10011221100001 + -12?
-10011221100020
In base 7, what is 10160 + 2?
10162
In base 8, what is 45430 - 1?
45427
In base 3, what is -12 - -1102000?
1101211
In base 2, what is -101 - 1010000110110101?
-1010000110111010
In base 2, what is 101 - 1111101101100110011?
-1111101101100101110
In base 7, what is -22401 - 2?
-22403
In base 4, what is 2121020302 + -10?
2121020232
In base 8, what is 251575 + -1?
251574
In base 16, what is -33dbd + -b?
-33dc8
In base 14, what is 414 + 6?
41a
In base 15, what is -642 + 47?
-5ea
In base 13, what is 1 + 1050?
1051
In base 5, what is -13102423 + 2?
-13102421
In base 16, what is -5376 - 5?
-537b
In base 9, what is -47 + 34?
-13
In base 14, what is -153 - 69?
-1bc
In base 10, what is 4 + -29527?
-29523
In base 2, what is 10100011000 + -110110?
10011100010
In base 4, what is -13020 - 211211?
-230231
In base 9, what is -55583 - 30?
-55623
In base 2, what is 101101 + -101001011010?
-101000101101
In base 13, what is c6 + 600?
6c6
In base 11, what is -2 + 146a4?
146a2
In base 4, what is 130212010 - 10?
130212000
In base 8, what is -3760 - -31?
-3727
In base 13, what is -2b - 3068?
-3096
In base 12, what is -2591 + -6?
-2597
In base 13, what is 5 + -296?
-291
In base 11, what is -7 - 45456?
-45462
In base 9, what is -2 + -8044?
-8046
In base 7, what is -3356 + -242?
-3631
In base 15, what is 3 + -54443?
-54440
In base 10, what is -73379 - -5?
-73374
In base 7, what is 116 - 506?
-360
In base 10, what is 0 + 6672?
6672
In base 16, what is -10 + -39f?
-3af
In base 4, what is -13231 - -1332?
-11233
In base 14, what is -d296 + -5?
-d29b
In base 5, what is -4 + 1141312?
1141303
In base 4, what is 2 - -2132001?
2132003
In base 14, what is 4 + 17a6d?
17a73
In base 14, what is -d + -171c?
-172b
In base 16, what is -c - 6fee5?
-6fef1
In base 13, what is -50 - 20c?
-25c
In base 5, what is -311440 + 2034?
-304401
In base 3, what is 11101021021 + -1202?
11101012112
In base 6, what is -12510 - -23?
-12443
In base 14, what is 47 - 255?
-20c
In base 6, what is -10 - 2500?
-2510
In base 2, what is 10101010111 - 110100?
10100100011
In base 15, what is -2 + -915e2?
-915e4
In base 2, what is -100111101010 + -1001?
-100111110011
In base 9, what is 533 - 621?
-77
In base 4, what is 31 - 212302?
-212211
In base 13, what is 14a + 1116?
1263
In base 14, what is 4 + 4405a?
44060
In base 6, what is 41 - -14554?
15035
In base 15, what is 3ce4 - 105?
3bde
In base 15, what is 18 + ac?
c5
In base 15, what is 2289 + -294?
1ee5
In base 10, what is 8941 - -2?
8943
In base 10, what is 36 - -104?
140
In base 13, what is 4 - -1aa58?
1aa5c
In base 4, what is 1130320 - 11?
1130303
In base 6, what is 322 - -5254?
10020
In base 7, what is -620442 + -15?
-620460
In base 5, what is 12 + -10244020?
-10244003
In base 12, what is 1162 + -2?
1160
In base 14, what is 66 + -711?
-689
In base 15, what is -b3 - -1326?
1263
In base 4, what is 0 - -230212013?
230212013
In base 6, what is 3434 - 303?
3131
In base 5, what is 2210244 + -10?
2210234
In base 7, what is -43053 + 14?
-43036
In base 7, what is -156410 + 12?
-156365
In base 15, what is b6d9 + 2?
b6db
In base 10, what is 401 + -2043?
-1642
In base 16, what is -178bb + -2?
-178bd
In base 14, what is -129 - 2cc?
-417
In base 11, what is 2 - -663a2?
663a4
In base 16, what is -f544e - 5?
-f5453
In base 2, what is -1000110100001101100 - -10?
-1000110100001101010
In base 14, what is 5 + -28ca9?
-28ca4
In base 2, what is 111010001111 + -1100111?
111000101000
In base 4, what is -322033210 + 0?
-322033210
In base 6, what is -4 + -414554?
-415002
In base 11, what is -2 + 460?
459
In base 8, what is 3003653 + 4?
3003657
In base 14, what is 51 + -1964?
-1913
In base 4, what is -120 - -101011?
100231
In base 14, what is 0 - d6411?
-d6411
In base 15, what is 864c - -2?
864e
In base 11, what is 12 - -6830?
6842
In base 15, what is 32c - -d5?
412
In base 5, what is -4 - -144132423?
144132414
In base 4, what is -1232 + -1121130?
-1123022
In base 12, what is -125 + -2005?
-212a
In base 6, what is 1032 + 14000?
15032
In base 14, what is -7901 - -10?
